504?
False
Is 7 a factor of 1302?
True
Is 41 a factor of 306?
False
Is 3273 a multiple of 13?
False
Does 20 divide 1460?
True
Does 15 divide 465?
True
Is 11413 a multiple of 90?
False
Is 15 a factor of 690?
True
Is 6 a factor of 12?
True
Is 87 a factor of 428?
False
Is 134737 a multiple of 27?
False
Is 855 a multiple of 9?
True
Is 32964 a multiple of 123?
True
Is 5712 a multiple of 51?
True
Is 34 a factor of 36292?
False
Is 13 a factor of 58294?
False
Does 39 divide 920?
False
Is 9 a factor of 16596?
True
Is 2168 a multiple of 35?
False
Does 12 divide 8193?
False
Is 7488 a multiple of 36?
True
Is 4773 a multiple of 7?
False
Is 89 a multiple of 10?
False
Is 5 a factor of 1345?
True
Is 284 a multiple of 71?
True
Does 118 divide 31588?
False
Is 103 a factor of 2816?
False
Is 860 a multiple of 86?
True
Is 289 a factor of 23443?
False
Is 42 a factor of 2058?
True
Is 10 a factor of 20530?
True
Is 12 a factor of 9750?
False
Is 139787 a multiple of 46?
False
Does 43 divide 6942?
False
Does 84 divide 4868?
False
Does 39 divide 10128?
False
Does 13 divide 429?
True
Does 23 divide 3065?
False
Does 19 divide 930?
False
Is 292 a multiple of 74?
False
Is 8 a factor of 320?
True
Is 13 a factor of 3903?
False
Is 32377 a multiple of 49?
False
Is 29981 a multiple of 20?
False
Is 1330 a multiple of 10?
True
Is 12 a factor of 247?
False
Does 11 divide 1881?
True
Is 92 a factor of 153?
False
Is 58 a multiple of 3?
False
Does 36 divide 648?
True
Is 1364 a multiple of 44?
True
Is 2350 a multiple of 10?
True
Is 16 a factor of 11231?
False
Is 6 a factor of 11700?
True
Is 5606 a multiple of 17?
False
Does 8 divide 43295?
False
Is 3426 a multiple of 16?
False
Is 116 a factor of 5800?
True
Is 38 a factor of 1497?
False
Is 38 a factor of 8056?
True
Is 24 a factor of 3192?
True
Is 1658 a multiple of 16?
False
Is 332 a multiple of 9?
False
Is 17941 a multiple of 68?
False
Does 10 divide 10283?
False
Is 158 a multiple of 6?
False
Does 3 divide 220?
False
Does 99 divide 4257?
True
Is 57 a factor of 30762?
False
Does 29 divide 5113?
False
Is 105 a factor of 2013?
False
Is 8900 a multiple of 100?
True
Is 6815 a multiple of 29?
True
Does 33 divide 8820?
False
Is 1140 a multiple of 95?
True
Is 415 a multiple of 5?
True
Does 2 divide 3988?
True
Is 11 a factor of 891?
True
Is 46 a factor of 3443?
False
Is 370 a multiple of 106?
False
Is 13 a factor of 50532?
False
Does 8 divide 90901?
False
Is 198 a factor of 32868?
True
Is 2077 a multiple of 67?
True
Is 18 a factor of 87832?
False
Is 11 a factor of 1518?
True
Is 2141 a multiple of 135?
False
Is 159 a multiple of 7?
False
Does 34 divide 1187?
False
Is 2 a factor of 119?
False
Is 49 a factor of 1043?
False
Is 15 a factor of 13215?
True
Is 111 a factor of 6184?
False
Does 4 divide 55?
False
Is 15 a factor of 153?
False
Does 23 divide 950?
False
Is 17 a factor of 118?
False
Is 3 a factor of 287?
False
Is 345 a multiple of 4?
False
Is 2095 a multiple of 8?
False
Is 92311 a multiple of 16?
False
Is 61 a factor of 348?
False
Does 4 divide 4096?
True
Is 64289 a multiple of 130?
False
Does 11 divide 429?
True
Is 90525 a multiple of 75?
True
Is 6 a factor of 774?
True
Is 324 a multiple of 3?
True
Is 24 a factor of 319?
False
Is 1389 even?
False
Is 29 a factor of 97875?
True
Is 10 a factor of 20053?
False
Is 331 a multiple of 9?
False
Does 5 divide 130?
True
Is 48 a factor of 1271?
False
Does 42 divide 17610?
False
Is 19 a factor of 5444?
False
Is 7801 a multiple of 24?
False
Is 2 a factor of 1302?
True
Is 27 a factor of 13800?
False
Is 6670 a multiple of 13?
False
Does 69 divide 6526?
False
Does 16 divide 5680?
True
Is 105 a factor of 13440?
True
Does 31 divide 843?
False
Is 8 a factor of 130?
False
Is 1340 a multiple of 2?
True
Is 11700 a multiple of 36?
True
Does 23 divide 40503?
True
Does 25 divide 5835?
False
Is 16386 a multiple of 47?
False
Is 26 a factor of 22205?
False
Is 33 a factor of 3597?
True
Is 23103 a multiple of 151?
True
Is 57 a factor of 1824?
True
Is 11 a factor of 1142?
False
Is 7 a factor of 353?
False
Does 13 divide 664?
False
Is 7151 a multiple of 9?
False
Does 57 divide 7125?
True
Is 41 a factor of 190?
False
Is 18 a factor of 2268?
True
Does 99 divide 17568?
False
Does 6 divide 12899?
False
Does 11 divide 59444?
True
Is 1218 a multiple of 58?
True
Is 1071 a multiple of 63?
True
Is 15 a factor of 960?
True
Is 9032 a multiple of 67?
False
Is 5 a factor of 95?
True
Is 45 a factor of 135?
True
Is 85 a multiple of 85?
True
Does 4 divide 7034?
False
Does 5 divide 40?
True
Is 125 a factor of 18527?
False
Is 4 a factor of 5442?
False
Is 14705 a multiple of 9?
False
Is 960 a multiple of 30?
True
Is 153 a multiple of 9?
True
Is 3384 a multiple of 74?
False
Does 282 divide 56789?
False
Does 18 divide 4230?
True
Is 1470 a multiple of 42?
True
Is 92916 a multiple of 58?
True
Does 160 divide 78240?
True
Does 6 divide 19992?
True
Is 2564 a multiple of 113?
False
Does 11 divide 3202?
False
Is 506 a multiple of 22?
True
Is 1544 a multiple of 23?
False
Is 6447 a multiple of 18?
False
Does 4 divide 503?
False
Does 11 divide 517?
True
Does 107 divide 11556?
True
Does 112 divide 4869?
False
Is 18 a factor of 3492?
True
Is 28 a factor of 784?
True
Does 24 divide 116556?
False
Does 9 divide 3519?
True
Is 150 a multiple of 25?
True
Is 499 a multiple of 75?
False
Is 32 a factor of 6208?
True
Does 12 divide 789?
False
Does 20 divide 3500?
True
Does 146 divide 4964?
True
Is 14 a factor of 530?
False
Is 2970 a multiple of 55?
True
Is 1879 a multiple of 11?
False
Does 82 divide 32226?
True
Is 61 a factor of 6993?
False
Is 8 a factor of 2016?
True
Does 35 divide 1995?
True
Is 28 a factor of 52?
False
Is 38 a factor of 1482?
True
Is 10 a factor of 80?
True
Does 10 divide 30479?
False
Is 24 a factor of 49444?
False
Is 54 a factor of 2214?
True
Does 16 divide 4715?
False
Does 5 divide 193?
False
Is 20 a factor of 1285?
False
Is 10 a factor of 167?
False
Is 15 a factor of 540?
True
Is 1537 even?
False
Does 16 divide 9565?
False
Does 22 divide 98636?
False
Is 17 a factor of 518?
False
Is 128 a factor of 10880?
True
Does 255 divide 44123?
False
Is 46 a factor of 472?
False
Is 97 a factor of 116982?
True
Is 24 a factor of 143016?
True
Does 100 divide 767?
False
Is 5198 a multiple of 46?
True
Is 732 a multiple of 4?
True
Is 1092 even?
True
Is 234 a multiple of 26?
True
Is 91 a factor of 8176?
False
Is 9111 a multiple of 14?
False
Is 6 a factor of 9276?
True
Does 255 divide 43949?
False
Does 59 divide 34195?
False
Is 55 a factor of 2750?
True
Is 300 a multiple of 30?
True
Is 515 a multiple of 14?
False
Does 47 divide 188?
True
Does 243 divide 19197?
True
Does 2 divide 112?
True
Is 1323 a multiple of 63?
True
Is 80 a factor of 12799?
False
Is 23 a factor of 506?
True
Does 16 divide 288?
True
Does 74 divide 13050?
False
Is 1863 a multiple of 27?
True
Is 2212 a multiple of 14?
True
Does 14 divide 7073?
False
Is 2557 a multiple of 13?
False
Does 6 divide 1638?
True
Is 6 a factor of 13788?
True
Is 15 a factor of 5145?
True
Is 23054 a multiple of 16?
False
Does 107 divide 107?
True
Is 1005 a multiple of 227?
False
Is 30308 a multiple of 72?
False
Is 2 a factor of 3431?
False
Does 8 divide 68496?
True
Is 1858 a multiple of 3?
False
Is 2 a factor of 1004?
True
Does 110 divide 8750?
False
Is 150 a multiple of 30?
True
Is 18 a factor of 7272?
True
Does 8 divide 5359?
False
Does 13 divide 4823?
True
Is 3377 a multiple of 11?
True
Is 30 a multiple of 15?
True
Is 155 a multiple of 4?
False
Does 408 divide 99960?
True
Is 14 a factor of 1348?
False
Is 89 a factor of 356?
True
Is 44 a factor of 52930?
False
Is 12 a factor of 275?
False
Is 263 a multiple of 5?
False
Is 6 a factor of 217?
False
Is 12 a factor of 1070?
False
Is 5212 a multiple of 16?
False
Is 13171 a multiple of 85?
False
Is 12 a factor of 43620?
True
Does 49 divide 2552?
False
Is 57 a multiple of 7?
False
Is 3720 a multiple of 124?
True
Does 65 divide 4353?
False
Is 1369 a multiple of 4?
False
Is 1228 a multiple of 71?
False
Is 7 a factor of 90?
False
Is 33173 a multiple of 13?
False
Is 450 a multiple of 25?
True
Is 71076 a multiple of 79?
False
Is 78 a factor of 2886?
True
Is 78 a factor of 390?
True
Is 2552 a multiple of 58?
True
Is 10 a factor of 20550?
True
Is 21729 a multiple of 18?
False
Is 627 